Last updated on 2022-05-29 03:52:23 CEST.
Flavor | Version | Tinstall | Tcheck | Ttotal | Status | Flags |
---|---|---|---|---|---|---|
r-devel-linux-x86_64-debian-clang | 0.1.0 | 13.54 | 125.00 | 138.54 | OK | |
r-devel-linux-x86_64-debian-gcc | 0.1.0 | 10.02 | 92.88 | 102.90 | OK | |
r-devel-linux-x86_64-fedora-clang | 0.1.0 | 163.18 | NOTE | |||
r-devel-linux-x86_64-fedora-gcc | 0.1.0 | 157.97 | NOTE | |||
r-devel-windows-x86_64 | 0.1.0 | 72.00 | 131.00 | 203.00 | OK | |
r-patched-linux-x86_64 | 0.1.0 | 12.98 | 115.36 | 128.34 | OK | |
r-release-linux-x86_64 | 0.1.0 | 12.09 | 115.72 | 127.81 | OK | |
r-release-macos-arm64 | 0.1.0 | 43.00 | NOTE | |||
r-release-macos-x86_64 | 0.1.0 | 82.00 | NOTE | |||
r-release-windows-x86_64 | 0.1.0 | 171.00 | 140.00 | 311.00 | OK | |
r-oldrel-macos-arm64 | 0.1.0 | 47.00 | NOTE | |||
r-oldrel-macos-x86_64 | 0.1.0 | 63.00 | NOTE | |||
r-oldrel-windows-ix86+x86_64 | 0.1.0 | 29.00 | 127.00 | 156.00 | OK |
Version: 0.1.0
Check: data for non-ASCII characters
Result: NOTE
Note: found 34 marked Latin-1 strings
Flavors: r-devel-linux-x86_64-fedora-clang, r-devel-linux-x86_64-fedora-gcc, r-release-macos-arm64, r-release-macos-x86_64, r-oldrel-macos-arm64, r-oldrel-macos-x86_64