CRAN Package Check Results for Package USgrid

Last updated on 2022-05-17 08:52:33 CEST.

Flavor Version Tinstall Tcheck Ttotal Status Flags
r-devel-linux-x86_64-debian-clang 0.1.2 4.37 42.93 47.30 OK
r-devel-linux-x86_64-debian-gcc 0.1.2 4.02 32.49 36.51 OK
r-devel-linux-x86_64-fedora-clang 0.1.2 56.05 NOTE
r-devel-linux-x86_64-fedora-gcc 0.1.2 55.53 NOTE
r-devel-windows-x86_64 0.1.2 13.00 66.00 79.00 OK
r-patched-linux-x86_64 0.1.2 4.09 41.03 45.12 OK
r-release-linux-x86_64 0.1.2 3.79 40.33 44.12 OK
r-release-macos-arm64 0.1.2 20.00 NOTE
r-release-macos-x86_64 0.1.2 36.00 NOTE
r-release-windows-x86_64 0.1.2 11.00 66.00 77.00 OK
r-oldrel-macos-arm64 0.1.2 25.00 NOTE
r-oldrel-macos-x86_64 0.1.2 30.00 NOTE
r-oldrel-windows-ix86+x86_64 0.1.2 10.00 59.00 69.00 OK

Check Details

Version: 0.1.2
Check: dependencies in R code
Result: NOTE
    Namespace in Imports field not imported from: ‘tsibble’
     All declared Imports should be used.
Flavors: r-devel-linux-x86_64-fedora-clang, r-devel-linux-x86_64-fedora-gcc, r-release-macos-arm64, r-release-macos-x86_64, r-oldrel-macos-arm64, r-oldrel-macos-x86_64