CRAN Package Check Results for Package VARSELECTEXPOSURE

Last updated on 2023-01-28 16:51:33 CET.

Flavor Version Tinstall Tcheck Ttotal Status Flags
r-devel-linux-x86_64-debian-clang 1.0.1 28.05 53.73 81.78 OK
r-devel-linux-x86_64-debian-gcc 1.0.1 21.79 38.93 60.72 OK
r-devel-linux-x86_64-fedora-clang 1.0.1 112.61 NOTE
r-devel-linux-x86_64-fedora-gcc 1.0.1 100.58 NOTE
r-devel-windows-x86_64 1.0.1 44.00 105.00 149.00 OK
r-patched-linux-x86_64 1.0.1 25.44 50.27 75.71 OK
r-release-linux-x86_64 1.0.1 23.54 51.29 74.83 OK
r-release-macos-arm64 1.0.1 24.00 NOTE
r-release-macos-x86_64 1.0.1 42.00 NOTE
r-release-windows-x86_64 1.0.1 37.00 103.00 140.00 OK
r-oldrel-macos-arm64 1.0.1 24.00 NOTE
r-oldrel-macos-x86_64 1.0.1 47.00 NOTE
r-oldrel-windows-ix86+x86_64 1.0.1 72.00 128.00 200.00 OK

Check Details

Version: 1.0.1
Check: dependencies in R code
Result: NOTE
    Namespace in Imports field not imported from: ‘Rcpp’
     All declared Imports should be used.
Flavors: r-devel-linux-x86_64-fedora-clang, r-devel-linux-x86_64-fedora-gcc, r-release-macos-arm64, r-release-macos-x86_64, r-oldrel-macos-arm64, r-oldrel-macos-x86_64