Last updated on 2022-05-18 07:49:12 CEST.
Flavor | Version | Tinstall | Tcheck | Ttotal | Status | Flags |
---|---|---|---|---|---|---|
r-devel-linux-x86_64-debian-clang | 2.0.5 | 104.98 | 56.86 | 161.84 | OK | |
r-devel-linux-x86_64-debian-gcc | 2.0.5 | 84.27 | 43.16 | 127.43 | OK | |
r-devel-linux-x86_64-fedora-clang | 2.0.5 | 239.21 | NOTE | |||
r-devel-linux-x86_64-fedora-gcc | 2.0.5 | 213.17 | OK | |||
r-devel-windows-x86_64 | 2.0.5 | 90.00 | 97.00 | 187.00 | OK | |
r-patched-linux-x86_64 | 2.0.5 | 87.43 | 54.45 | 141.88 | OK | |
r-release-linux-x86_64 | 2.0.5 | 94.88 | 53.03 | 147.91 | OK | |
r-release-macos-arm64 | 2.0.5 | 52.00 | NOTE | |||
r-release-macos-x86_64 | 2.0.5 | 65.00 | NOTE | |||
r-release-windows-x86_64 | 2.0.5 | 92.00 | 98.00 | 190.00 | OK | |
r-oldrel-macos-arm64 | 2.0.5 | 59.00 | NOTE | |||
r-oldrel-macos-x86_64 | 2.0.5 | 71.00 | NOTE | |||
r-oldrel-windows-ix86+x86_64 | 2.0.5 | 258.00 | 99.00 | 357.00 | OK |
Version: 2.0.5
Check: Rd cross-references
Result: NOTE
Undeclared package ‘vars’ in Rd xrefs
Flavor: r-devel-linux-x86_64-fedora-clang
Version: 2.0.5
Check: installed package size
Result: NOTE
installed size is 6.4Mb
sub-directories of 1Mb or more:
libs 6.2Mb
Flavors: r-release-macos-arm64, r-release-macos-x86_64, r-oldrel-macos-arm64, r-oldrel-macos-x86_64