Last updated on 2022-05-20 01:51:19 CEST.
Flavor | Version | Tinstall | Tcheck | Ttotal | Status | Flags |
---|---|---|---|---|---|---|
r-devel-linux-x86_64-debian-clang | 1.2 | 137.76 | 121.90 | 259.66 | OK | |
r-devel-linux-x86_64-debian-gcc | 1.2 | 112.80 | 97.45 | 210.25 | OK | |
r-devel-linux-x86_64-fedora-clang | 1.2 | 359.71 | OK | |||
r-devel-linux-x86_64-fedora-gcc | 1.2 | 325.92 | OK | |||
r-devel-windows-x86_64 | 1.2 | 146.00 | 146.00 | 292.00 | OK | |
r-patched-linux-x86_64 | 1.2 | 116.75 | 116.44 | 233.19 | OK | |
r-release-linux-x86_64 | 1.2 | 118.03 | 115.65 | 233.68 | OK | |
r-release-macos-arm64 | 1.2 | 74.00 | NOTE | |||
r-release-macos-x86_64 | 1.2 | 135.00 | NOTE | |||
r-release-windows-x86_64 | 1.2 | 134.00 | 154.00 | 288.00 | OK | |
r-oldrel-macos-arm64 | 1.2 | 72.00 | NOTE | |||
r-oldrel-macos-x86_64 | 1.2 | 105.00 | NOTE | |||
r-oldrel-windows-ix86+x86_64 | 1.2 | 344.00 | 176.00 | 520.00 | OK |
Version: 1.2
Check: installed package size
Result: NOTE
installed size is 5.4Mb
sub-directories of 1Mb or more:
libs 4.6Mb
Flavors: r-release-macos-arm64, r-release-macos-x86_64, r-oldrel-macos-arm64, r-oldrel-macos-x86_64