Last updated on 2022-05-25 16:49:21 CEST.
Flavor | Version | Tinstall | Tcheck | Ttotal | Status | Flags |
---|---|---|---|---|---|---|
r-devel-linux-x86_64-debian-clang | 6.1.1 | 37.36 | 207.16 | 244.52 | OK | |
r-devel-linux-x86_64-debian-gcc | 6.1.1 | 32.93 | 153.82 | 186.75 | OK | |
r-devel-linux-x86_64-fedora-clang | 6.1.1 | 295.82 | NOTE | |||
r-devel-linux-x86_64-fedora-gcc | 6.1.1 | 288.40 | NOTE | |||
r-devel-windows-x86_64 | 6.1.1 | 55.00 | 265.00 | 320.00 | NOTE | |
r-patched-linux-x86_64 | 6.1.1 | 43.16 | 195.92 | 239.08 | OK | |
r-release-linux-x86_64 | 6.1.1 | OK | ||||
r-release-macos-arm64 | 6.1.1 | 82.00 | NOTE | |||
r-release-macos-x86_64 | 6.1.1 | 136.00 | NOTE | |||
r-release-windows-x86_64 | 6.1.1 | 62.00 | 347.00 | 409.00 | NOTE | |
r-oldrel-macos-arm64 | 6.1.1 | 126.00 | NOTE | |||
r-oldrel-macos-x86_64 | 6.1.1 | 122.00 | NOTE | |||
r-oldrel-windows-ix86+x86_64 | 6.1.1 | 86.00 | 343.00 | 429.00 | NOTE |
Version: 6.1.1
Check: installed package size
Result: NOTE
installed size is 5.2Mb
sub-directories of 1Mb or more:
doc 3.1Mb
Flavors: r-devel-linux-x86_64-fedora-clang, r-devel-windows-x86_64, r-release-macos-arm64, r-release-macos-x86_64, r-release-windows-x86_64, r-oldrel-macos-arm64, r-oldrel-macos-x86_64, r-oldrel-windows-ix86+x86_64
Version: 6.1.1
Check: dependencies in R code
Result: NOTE
Namespace in Imports field not imported from: ‘magrittr’
All declared Imports should be used.
Flavors: r-devel-linux-x86_64-fedora-clang, r-devel-linux-x86_64-fedora-gcc, r-release-macos-arm64, r-release-macos-x86_64, r-oldrel-macos-arm64, r-oldrel-macos-x86_64
Version: 6.1.1
Check: Rd cross-references
Result: NOTE
Undeclared package ‘mi’ in Rd xrefs
Flavor: r-devel-linux-x86_64-fedora-clang
Version: 6.1.1
Check: data for non-ASCII characters
Result: NOTE
Note: found 2754 marked UTF-8 strings
Flavors: r-devel-linux-x86_64-fedora-clang, r-devel-linux-x86_64-fedora-gcc, r-release-macos-arm64, r-release-macos-x86_64, r-oldrel-macos-arm64, r-oldrel-macos-x86_64