Last updated on 2023-05-30 17:00:20 CEST.
Flavor | Version | Tinstall | Tcheck | Ttotal | Status | Flags |
---|---|---|---|---|---|---|
r-devel-linux-x86_64-debian-clang | 1.0 | 86.71 | 31.71 | 118.42 | NOTE | |
r-devel-linux-x86_64-debian-gcc | 1.0 | 67.31 | 24.90 | 92.21 | NOTE | |
r-devel-linux-x86_64-fedora-clang | 1.0 | 195.85 | NOTE | |||
r-devel-linux-x86_64-fedora-gcc | 1.0 | 198.29 | NOTE | |||
r-devel-windows-x86_64 | 1.0 | 71.00 | 71.00 | 142.00 | NOTE | |
r-patched-linux-x86_64 | 1.0 | 66.31 | 30.43 | 96.74 | NOTE | |
r-release-linux-x86_64 | 1.0 | 77.35 | 30.89 | 108.24 | NOTE | |
r-release-macos-arm64 | 1.0 | 44.00 | NOTE | |||
r-release-macos-x86_64 | 1.0 | 72.00 | NOTE | |||
r-release-windows-x86_64 | 1.0 | 95.00 | 76.00 | 171.00 | NOTE | |
r-oldrel-macos-arm64 | 1.0 | 39.00 | OK | |||
r-oldrel-macos-x86_64 | 1.0 | 52.00 | OK | |||
r-oldrel-windows-x86_64 | 1.0 | 91.00 | 74.00 | 165.00 | OK |
Version: 1.0
Check: C++ specification
Result: NOTE
Specified C++11: please drop specification unless essential
Flavors: r-devel-linux-x86_64-debian-clang, r-devel-linux-x86_64-debian-gcc, r-devel-linux-x86_64-fedora-clang, r-devel-linux-x86_64-fedora-gcc, r-devel-windows-x86_64, r-patched-linux-x86_64, r-release-linux-x86_64, r-release-macos-arm64, r-release-macos-x86_64, r-release-windows-x86_64