CRAN Package Check Results for Package VWPre

Last updated on 2022-05-26 05:58:04 CEST.

Flavor Version Tinstall Tcheck Ttotal Status Flags
r-devel-linux-x86_64-debian-clang 1.2.4 11.86 132.37 144.23 OK
r-devel-linux-x86_64-debian-gcc 1.2.4 9.77 107.27 117.04 OK
r-devel-linux-x86_64-fedora-clang 1.2.4 168.06 NOTE
r-devel-linux-x86_64-fedora-gcc 1.2.4 162.02 OK
r-devel-windows-x86_64 1.2.4 27.00 151.00 178.00 OK
r-patched-linux-x86_64 1.2.4 8.05 121.63 129.68 OK
r-release-linux-x86_64 1.2.4 OK
r-release-macos-arm64 1.2.4 56.00 OK
r-release-macos-x86_64 1.2.4 90.00 OK
r-release-windows-x86_64 1.2.4 29.00 155.00 184.00 OK
r-oldrel-macos-arm64 1.2.4 67.00 OK
r-oldrel-macos-x86_64 1.2.4 76.00 OK
r-oldrel-windows-ix86+x86_64 1.2.4 24.00 145.00 169.00 OK

Check Details

Version: 1.2.4
Check: Rd cross-references
Result: NOTE
    Undeclared package ‘tibble’ in Rd xrefs
Flavor: r-devel-linux-x86_64-fedora-clang