CRAN Package Check Results for Package WPKDE

Last updated on 2022-05-19 09:53:28 CEST.

Flavor Version Tinstall Tcheck Ttotal Status Flags
r-devel-linux-x86_64-debian-clang 0.1 4.78 44.86 49.64 NOTE
r-devel-linux-x86_64-debian-gcc 0.1 3.12 35.20 38.32 NOTE
r-devel-linux-x86_64-fedora-clang 0.1 59.98 NOTE
r-devel-linux-x86_64-fedora-gcc 0.1 59.46 NOTE
r-devel-windows-x86_64 0.1 11.00 62.00 73.00 NOTE
r-patched-linux-x86_64 0.1 3.69 43.81 47.50 NOTE
r-release-linux-x86_64 0.1 4.18 43.98 48.16 NOTE
r-release-macos-arm64 0.1 22.00 NOTE
r-release-macos-x86_64 0.1 29.00 NOTE
r-release-windows-x86_64 0.1 8.00 62.00 70.00 NOTE
r-oldrel-macos-arm64 0.1 32.00 NOTE
r-oldrel-macos-x86_64 0.1 38.00 NOTE
r-oldrel-windows-ix86+x86_64 0.1 9.00 79.00 88.00 NOTE

Check Details

Version: 0.1
Check: LazyData
Result: NOTE
     'LazyData' is specified without a 'data' directory
Flavors: r-devel-linux-x86_64-debian-clang, r-devel-linux-x86_64-debian-gcc, r-devel-linux-x86_64-fedora-clang, r-devel-linux-x86_64-fedora-gcc, r-devel-windows-x86_64, r-patched-linux-x86_64, r-release-linux-x86_64, r-release-macos-arm64, r-release-macos-x86_64, r-release-windows-x86_64, r-oldrel-macos-arm64, r-oldrel-macos-x86_64, r-oldrel-windows-ix86+x86_64