CRAN Package Check Results for Package WaveletANN

Last updated on 2022-06-29 02:55:25 CEST.

Flavor Version Tinstall Tcheck Ttotal Status Flags
r-devel-linux-x86_64-debian-clang 0.1.0 6.72 73.55 80.27 NOTE
r-devel-linux-x86_64-debian-gcc 0.1.0 5.75 53.30 59.05 NOTE
r-devel-linux-x86_64-fedora-clang 0.1.0 101.48 NOTE
r-devel-linux-x86_64-fedora-gcc 0.1.0 99.85 NOTE
r-devel-windows-x86_64 0.1.0 17.00 92.00 109.00 NOTE
r-patched-linux-x86_64 0.1.0 5.93 67.51 73.44 NOTE
r-release-linux-x86_64 0.1.0 5.44 66.98 72.42 NOTE
r-release-macos-arm64 0.1.0 29.00 NOTE
r-release-macos-x86_64 0.1.0 52.00 NOTE
r-release-windows-x86_64 0.1.0 16.00 92.00 108.00 NOTE
r-oldrel-macos-arm64 0.1.0 34.00 NOTE
r-oldrel-macos-x86_64 0.1.0 40.00 NOTE
r-oldrel-windows-ix86+x86_64 0.1.0 19.00 88.00 107.00 NOTE

Check Details

Version: 0.1.0
Check: LazyData
Result: NOTE
     'LazyData' is specified without a 'data' directory
Flavors: r-devel-linux-x86_64-debian-clang, r-devel-linux-x86_64-debian-gcc, r-devel-linux-x86_64-fedora-clang, r-devel-linux-x86_64-fedora-gcc, r-devel-windows-x86_64, r-patched-linux-x86_64, r-release-linux-x86_64, r-release-macos-arm64, r-release-macos-x86_64, r-release-windows-x86_64, r-oldrel-macos-arm64, r-oldrel-macos-x86_64, r-oldrel-windows-ix86+x86_64