CRAN Package Check Results for Package WaveletArima

Last updated on 2022-06-29 00:51:29 CEST.

Flavor Version Tinstall Tcheck Ttotal Status Flags
r-devel-linux-x86_64-debian-clang 0.1.1 7.88 73.25 81.13 NOTE
r-devel-linux-x86_64-debian-gcc 0.1.1 5.64 54.09 59.73 NOTE
r-devel-linux-x86_64-fedora-clang 0.1.1 102.78 NOTE
r-devel-linux-x86_64-fedora-gcc 0.1.1 101.99 NOTE
r-devel-windows-x86_64 0.1.1 19.00 93.00 112.00 NOTE
r-patched-linux-x86_64 0.1.1 7.44 68.87 76.31 NOTE
r-release-linux-x86_64 0.1.1 6.52 68.75 75.27 NOTE
r-release-macos-arm64 0.1.1 29.00 NOTE
r-release-macos-x86_64 0.1.1 50.00 NOTE
r-release-windows-x86_64 0.1.1 15.00 91.00 106.00 NOTE
r-oldrel-macos-arm64 0.1.1 31.00 NOTE
r-oldrel-macos-x86_64 0.1.1 41.00 NOTE
r-oldrel-windows-ix86+x86_64 0.1.1 20.00 90.00 110.00 NOTE

Check Details

Version: 0.1.1
Check: LazyData
Result: NOTE
     'LazyData' is specified without a 'data' directory
Flavors: r-devel-linux-x86_64-debian-clang, r-devel-linux-x86_64-debian-gcc, r-devel-linux-x86_64-fedora-clang, r-devel-linux-x86_64-fedora-gcc, r-devel-windows-x86_64, r-patched-linux-x86_64, r-release-linux-x86_64, r-release-macos-arm64, r-release-macos-x86_64, r-release-windows-x86_64, r-oldrel-macos-arm64, r-oldrel-macos-x86_64, r-oldrel-windows-ix86+x86_64