CRAN Package Check Results for Package WaveletGARCH

Last updated on 2022-06-30 01:49:23 CEST.

Flavor Version Tinstall Tcheck Ttotal Status Flags
r-devel-linux-x86_64-debian-clang 0.1.1 14.16 131.21 145.37 NOTE
r-devel-linux-x86_64-debian-gcc 0.1.1 11.34 97.55 108.89 NOTE
r-devel-linux-x86_64-fedora-clang 0.1.1 180.10 NOTE
r-devel-linux-x86_64-fedora-gcc 0.1.1 178.21 NOTE
r-devel-windows-x86_64 0.1.1 19.00 147.00 166.00 NOTE
r-patched-linux-x86_64 0.1.1 14.14 121.91 136.05 NOTE
r-release-linux-x86_64 0.1.1 13.42 122.72 136.14 NOTE
r-release-macos-arm64 0.1.1 45.00 NOTE
r-release-macos-x86_64 0.1.1 86.00 NOTE
r-release-windows-x86_64 0.1.1 23.00 143.00 166.00 NOTE
r-oldrel-macos-arm64 0.1.1 50.00 NOTE
r-oldrel-macos-x86_64 0.1.1 70.00 NOTE
r-oldrel-windows-ix86+x86_64 0.1.1 34.00 141.00 175.00 NOTE

Check Details

Version: 0.1.1
Check: LazyData
Result: NOTE
     'LazyData' is specified without a 'data' directory
Flavors: r-devel-linux-x86_64-debian-clang, r-devel-linux-x86_64-debian-gcc, r-devel-linux-x86_64-fedora-clang, r-devel-linux-x86_64-fedora-gcc, r-devel-windows-x86_64, r-patched-linux-x86_64, r-release-linux-x86_64, r-release-macos-arm64, r-release-macos-x86_64, r-release-windows-x86_64, r-oldrel-macos-arm64, r-oldrel-macos-x86_64, r-oldrel-windows-ix86+x86_64