Last updated on 2022-05-27 14:53:13 CEST.
Flavor | Version | Tinstall | Tcheck | Ttotal | Status | Flags |
---|---|---|---|---|---|---|
r-devel-linux-x86_64-debian-clang | 1.7-9 | 8.91 | 47.47 | 56.38 | OK | |
r-devel-linux-x86_64-debian-gcc | 1.7-9 | 6.48 | 36.20 | 42.68 | OK | |
r-devel-linux-x86_64-fedora-clang | 1.7-9 | 67.44 | NOTE | |||
r-devel-linux-x86_64-fedora-gcc | 1.7-9 | 65.17 | OK | |||
r-devel-windows-x86_64 | 1.7-9 | 26.00 | 154.00 | 180.00 | OK | |
r-patched-linux-x86_64 | 1.7-9 | 7.97 | 45.04 | 53.01 | OK | |
r-release-linux-x86_64 | 1.7-9 | 7.69 | 45.14 | 52.83 | OK | |
r-release-macos-arm64 | 1.7-9 | 23.00 | OK | |||
r-release-macos-x86_64 | 1.7-9 | 35.00 | OK | |||
r-release-windows-x86_64 | 1.7-9 | 23.00 | 84.00 | 107.00 | OK | |
r-oldrel-macos-arm64 | 1.7-9 | 31.00 | OK | |||
r-oldrel-macos-x86_64 | 1.7-9 | 37.00 | OK | |||
r-oldrel-windows-ix86+x86_64 | 1.7-9 | 18.00 | 80.00 | 98.00 | OK |
Version: 1.7-9
Check: Rd cross-references
Result: NOTE
Undeclared package ‘slam’ in Rd xrefs
Flavor: r-devel-linux-x86_64-fedora-clang