Last updated on 2023-01-28 17:51:26 CET.
Flavor | Version | Tinstall | Tcheck | Ttotal | Status | Flags |
---|---|---|---|---|---|---|
r-devel-linux-x86_64-debian-clang | 1.1 | 4.87 | 39.43 | 44.30 | OK | |
r-devel-linux-x86_64-debian-gcc | 1.1 | 3.90 | 30.47 | 34.37 | OK | |
r-devel-linux-x86_64-fedora-clang | 1.1 | 61.05 | NOTE | |||
r-devel-linux-x86_64-fedora-gcc | 1.1 | 53.97 | OK | |||
r-devel-windows-x86_64 | 1.1 | 12.00 | 73.00 | 85.00 | OK | |
r-patched-linux-x86_64 | 1.1 | 4.51 | 38.43 | 42.94 | OK | |
r-release-linux-x86_64 | 1.1 | 4.72 | 38.15 | 42.87 | OK | |
r-release-macos-arm64 | 1.1 | 20.00 | OK | |||
r-release-macos-x86_64 | 1.1 | 28.00 | OK | |||
r-release-windows-x86_64 | 1.1 | 22.00 | 68.00 | 90.00 | OK | |
r-oldrel-macos-arm64 | 1.1 | 23.00 | OK | |||
r-oldrel-macos-x86_64 | 1.1 | 31.00 | OK | |||
r-oldrel-windows-ix86+x86_64 | 1.1 | 9.00 | 67.00 | 76.00 | OK |
Version: 1.1
Check: Rd cross-references
Result: NOTE
Undeclared package ‘WikipediR’ in Rd xrefs
Flavor: r-devel-linux-x86_64-fedora-clang