CRAN Package Check Results for Package WorldFlora

Last updated on 2022-05-20 20:54:48 CEST.

Flavor Version Tinstall Tcheck Ttotal Status Flags
r-devel-linux-x86_64-debian-clang 1.10 3.95 38.45 42.40 OK
r-devel-linux-x86_64-debian-gcc 1.10 3.04 29.57 32.61 OK
r-devel-linux-x86_64-fedora-clang 1.10 50.25 NOTE
r-devel-linux-x86_64-fedora-gcc 1.10 48.70 NOTE
r-devel-windows-x86_64 1.10 14.00 54.00 68.00 OK
r-patched-linux-x86_64 1.10 3.99 37.09 41.08 OK
r-release-linux-x86_64 1.10 2.94 36.84 39.78 OK
r-release-macos-arm64 1.10 17.00 NOTE
r-release-macos-x86_64 1.10 24.00 NOTE
r-release-windows-x86_64 1.10 16.00 52.00 68.00 OK
r-oldrel-macos-arm64 1.10 17.00 NOTE
r-oldrel-macos-x86_64 1.10 27.00 NOTE
r-oldrel-windows-ix86+x86_64 1.10 7.00 47.00 54.00 OK

Check Details

Version: 1.10
Check: data for non-ASCII characters
Result: NOTE
     Note: found 2 marked UTF-8 strings
Flavors: r-devel-linux-x86_64-fedora-clang, r-devel-linux-x86_64-fedora-gcc, r-release-macos-arm64, r-release-macos-x86_64, r-oldrel-macos-arm64, r-oldrel-macos-x86_64