Last updated on 2022-05-20 18:49:30 CEST.
Flavor | Version | Tinstall | Tcheck | Ttotal | Status | Flags |
---|---|---|---|---|---|---|
r-devel-linux-x86_64-debian-clang | 1.4.1 | 23.54 | 150.59 | 174.13 | OK | |
r-devel-linux-x86_64-debian-gcc | 1.4.1 | 18.89 | 112.88 | 131.77 | OK | |
r-devel-linux-x86_64-fedora-clang | 1.4.1 | 199.13 | NOTE | |||
r-devel-linux-x86_64-fedora-gcc | 1.4.1 | 194.59 | NOTE | |||
r-devel-windows-x86_64 | 1.4.1 | 34.00 | 150.00 | 184.00 | OK | |
r-patched-linux-x86_64 | 1.4.1 | 20.68 | 140.68 | 161.36 | OK | |
r-release-linux-x86_64 | 1.4.1 | 21.98 | 140.87 | 162.85 | OK | |
r-release-macos-arm64 | 1.4.1 | 47.00 | NOTE | |||
r-release-macos-x86_64 | 1.4.1 | 85.00 | NOTE | |||
r-release-windows-x86_64 | 1.4.1 | 33.00 | 155.00 | 188.00 | OK | |
r-oldrel-macos-arm64 | 1.4.1 | 58.00 | NOTE | |||
r-oldrel-macos-x86_64 | 1.4.1 | 93.00 | NOTE | |||
r-oldrel-windows-ix86+x86_64 | 1.4.1 | 42.00 | 151.00 | 193.00 | OK |
Version: 1.4.1
Check: dependencies in R code
Result: NOTE
Namespace in Imports field not imported from: ‘ggdendro’
All declared Imports should be used.
Flavors: r-devel-linux-x86_64-fedora-clang, r-devel-linux-x86_64-fedora-gcc, r-release-macos-arm64, r-release-macos-x86_64, r-oldrel-macos-arm64, r-oldrel-macos-x86_64