Last updated on 2022-05-18 21:53:31 CEST.
Flavor | Version | Tinstall | Tcheck | Ttotal | Status | Flags |
---|---|---|---|---|---|---|
r-devel-linux-x86_64-debian-clang | 0.1.0 | 2.62 | 11.97 | 14.59 | FAIL | |
r-devel-linux-x86_64-debian-gcc | 0.1.0 | 2.20 | 27.01 | 29.21 | NOTE | |
r-devel-linux-x86_64-fedora-clang | 0.1.0 | 46.05 | NOTE | |||
r-devel-linux-x86_64-fedora-gcc | 0.1.0 | 44.73 | NOTE | |||
r-devel-windows-x86_64 | 0.1.0 | 13.00 | 52.00 | 65.00 | NOTE | |
r-patched-linux-x86_64 | 0.1.0 | 3.06 | 33.93 | 36.99 | NOTE | |
r-release-linux-x86_64 | 0.1.0 | 2.62 | 32.97 | 35.59 | NOTE | |
r-release-macos-arm64 | 0.1.0 | 16.00 | NOTE | |||
r-release-macos-x86_64 | 0.1.0 | 29.00 | NOTE | |||
r-release-windows-x86_64 | 0.1.0 | 12.00 | 49.00 | 61.00 | NOTE | |
r-oldrel-macos-arm64 | 0.1.0 | 20.00 | NOTE | |||
r-oldrel-macos-x86_64 | 0.1.0 | 28.00 | NOTE | |||
r-oldrel-windows-ix86+x86_64 | 0.1.0 | 7.00 | 45.00 | 52.00 | NOTE |
Version: 0.1.0
Check: package dependencies
Result: FAIL
Flavor: r-devel-linux-x86_64-debian-clang
Version: 0.1.0
Check: package dependencies
Result: NOTE
Package suggested but not available for checking: ‘RNRCS’
Flavors: r-devel-linux-x86_64-debian-gcc, r-devel-linux-x86_64-fedora-clang, r-devel-linux-x86_64-fedora-gcc, r-patched-linux-x86_64, r-release-linux-x86_64, r-release-macos-arm64, r-release-macos-x86_64
Version: 0.1.0
Check: LazyData
Result: NOTE
'LazyData' is specified without a 'data' directory
Flavors: r-devel-linux-x86_64-debian-gcc, r-devel-linux-x86_64-fedora-clang, r-devel-linux-x86_64-fedora-gcc, r-devel-windows-x86_64, r-patched-linux-x86_64, r-release-linux-x86_64, r-release-macos-arm64, r-release-macos-x86_64, r-release-windows-x86_64, r-oldrel-macos-arm64, r-oldrel-macos-x86_64, r-oldrel-windows-ix86+x86_64