Last updated on 2022-05-17 14:51:18 CEST.
Flavor | Version | Tinstall | Tcheck | Ttotal | Status | Flags |
---|---|---|---|---|---|---|
r-devel-linux-x86_64-debian-clang | 0.1.8 | 232.74 | 162.95 | 395.69 | OK | |
r-devel-linux-x86_64-debian-gcc | 0.1.8 | 188.59 | 117.01 | 305.60 | OK | |
r-devel-linux-x86_64-fedora-clang | 0.1.8 | 561.79 | OK | |||
r-devel-linux-x86_64-fedora-gcc | 0.1.8 | 474.19 | OK | |||
r-devel-windows-x86_64 | 0.1.8 | 195.00 | 224.00 | 419.00 | OK | |
r-patched-linux-x86_64 | 0.1.8 | 211.46 | 152.98 | 364.44 | OK | |
r-release-linux-x86_64 | 0.1.8 | 204.22 | 149.56 | 353.78 | OK | |
r-release-macos-arm64 | 0.1.8 | 127.00 | NOTE | |||
r-release-macos-x86_64 | 0.1.8 | 175.00 | OK | |||
r-release-windows-x86_64 | 0.1.8 | 273.00 | 214.00 | 487.00 | OK | |
r-oldrel-macos-arm64 | 0.1.8 | 142.00 | NOTE | |||
r-oldrel-macos-x86_64 | 0.1.8 | 168.00 | OK | |||
r-oldrel-windows-ix86+x86_64 | 0.1.8 | 379.00 | 361.00 | 740.00 | OK |
Version: 0.1.8
Check: installed package size
Result: NOTE
installed size is 5.0Mb
sub-directories of 1Mb or more:
libs 4.6Mb
Flavors: r-release-macos-arm64, r-oldrel-macos-arm64