CRAN Package Check Results for Package abcrlda

Last updated on 2024-04-16 11:55:11 CEST.

Flavor Version Tinstall Tcheck Ttotal Status Flags
r-devel-linux-x86_64-debian-clang 1.0.3 2.07 26.16 28.23 NOTE
r-devel-linux-x86_64-debian-gcc 1.0.3 1.39 19.92 21.31 NOTE
r-devel-linux-x86_64-fedora-clang 1.0.3 36.11 NOTE
r-devel-linux-x86_64-fedora-gcc 1.0.3 34.91 NOTE
r-prerel-macos-arm64 1.0.3 15.00 NOTE
r-prerel-windows-x86_64 1.0.3 2.00 41.00 43.00 NOTE
r-patched-linux-x86_64 1.0.3 2.71 25.00 27.71 NOTE
r-release-linux-x86_64 1.0.3 1.69 25.05 26.74 NOTE
r-release-macos-arm64 1.0.3 16.00 NOTE
r-release-macos-x86_64 1.0.3 21.00 NOTE
r-release-windows-x86_64 1.0.3 6.00 42.00 48.00 NOTE
r-oldrel-macos-arm64 1.0.3 14.00 NOTE
r-oldrel-windows-x86_64 1.0.3 6.00 48.00 54.00 NOTE

Check Details

Version: 1.0.3
Check: LazyData
Result: NOTE 'LazyData' is specified without a 'data' directory Flavors: r-devel-linux-x86_64-debian-clang, r-devel-linux-x86_64-debian-gcc, r-devel-linux-x86_64-fedora-clang, r-devel-linux-x86_64-fedora-gcc, r-prerel-macos-arm64, r-prerel-windows-x86_64, r-patched-linux-x86_64, r-release-linux-x86_64, r-release-macos-arm64, r-release-macos-x86_64, r-release-windows-x86_64, r-oldrel-macos-arm64, r-oldrel-windows-x86_64