Last updated on 2022-05-29 11:52:15 CEST.
Flavor | Version | Tinstall | Tcheck | Ttotal | Status | Flags |
---|---|---|---|---|---|---|
r-devel-linux-x86_64-debian-clang | 0.4.5 | 399.82 | 107.19 | 507.01 | OK | |
r-devel-linux-x86_64-debian-gcc | 0.4.5 | 209.56 | 86.54 | 296.10 | OK | |
r-devel-linux-x86_64-fedora-clang | 0.4.5 | 704.36 | NOTE | |||
r-devel-linux-x86_64-fedora-gcc | 0.4.5 | 499.98 | OK | |||
r-devel-windows-x86_64 | 0.4.5 | 175.00 | 159.00 | 334.00 | OK | |
r-patched-linux-x86_64 | 0.4.5 | 211.67 | 111.60 | 323.27 | OK | |
r-release-linux-x86_64 | 0.4.5 | 212.46 | 109.98 | 322.44 | OK | |
r-release-macos-arm64 | 0.4.5 | 120.00 | NOTE | |||
r-release-macos-x86_64 | 0.4.5 | 170.00 | NOTE | |||
r-release-windows-x86_64 | 0.4.5 | 173.00 | 167.00 | 340.00 | OK | |
r-oldrel-macos-arm64 | 0.4.5 | 116.00 | NOTE | |||
r-oldrel-macos-x86_64 | 0.4.5 | 155.00 | NOTE | |||
r-oldrel-windows-ix86+x86_64 | 0.4.5 | 242.00 | 132.00 | 374.00 | OK |
Version: 0.4.5
Check: installed package size
Result: NOTE
installed size is 72.2Mb
sub-directories of 1Mb or more:
libs 71.2Mb
Flavors: r-devel-linux-x86_64-fedora-clang, r-release-macos-arm64, r-release-macos-x86_64, r-oldrel-macos-arm64, r-oldrel-macos-x86_64