CRAN Package Check Results for Package abseil

Last updated on 2024-04-15 19:55:47 CEST.

Flavor Version Tinstall Tcheck Ttotal Status Flags
r-devel-linux-x86_64-debian-clang 2023.8.2.1 5.46 24.53 29.99 OK
r-devel-linux-x86_64-debian-gcc 2023.8.2.1 3.31 18.86 22.17 OK
r-devel-linux-x86_64-fedora-clang 2023.8.2.1 34.60 NOTE
r-devel-linux-x86_64-fedora-gcc 2023.8.2.1 33.02 OK
r-prerel-macos-arm64 2023.8.2.1 19.00 NOTE
r-prerel-windows-x86_64 2023.8.2.1 7.00 46.00 53.00 NOTE
r-patched-linux-x86_64 2023.8.2.1 3.99 24.18 28.17 OK
r-release-linux-x86_64 2023.8.2.1 4.68 24.07 28.75 OK
r-release-macos-arm64 2023.8.2.1 32.00 NOTE
r-release-macos-x86_64 2023.8.2.1 119.00 NOTE
r-release-windows-x86_64 2023.8.2.1 11.00 44.00 55.00 NOTE
r-oldrel-macos-arm64 2023.8.2.1 37.00 NOTE
r-oldrel-windows-x86_64 2023.8.2.1 12.00 47.00 59.00 NOTE

Check Details

Version: 2023.8.2.1
Check: installed package size
Result: NOTE installed size is 13.7Mb sub-directories of 1Mb or more: include 13.6Mb Flavors: r-devel-linux-x86_64-fedora-clang, r-prerel-macos-arm64, r-prerel-windows-x86_64, r-release-macos-arm64, r-release-macos-x86_64, r-release-windows-x86_64, r-oldrel-macos-arm64, r-oldrel-windows-x86_64