Last updated on 2022-05-26 12:53:32 CEST.
Flavor | Version | Tinstall | Tcheck | Ttotal | Status | Flags |
---|---|---|---|---|---|---|
r-devel-linux-x86_64-debian-clang | 1.4 | 7.21 | 91.28 | 98.49 | NOTE | |
r-devel-linux-x86_64-debian-gcc | 1.4 | 7.22 | 78.28 | 85.50 | NOTE | |
r-devel-linux-x86_64-fedora-clang | 1.4 | 120.22 | NOTE | |||
r-devel-linux-x86_64-fedora-gcc | 1.4 | 115.86 | NOTE | |||
r-devel-windows-x86_64 | 1.4 | 26.00 | 105.00 | 131.00 | OK | |
r-patched-linux-x86_64 | 1.4 | 15.30 | 85.15 | 100.45 | NOTE | |
r-release-linux-x86_64 | 1.4 | NOTE | ||||
r-release-macos-arm64 | 1.4 | 36.00 | OK | |||
r-release-macos-x86_64 | 1.4 | 64.00 | OK | |||
r-release-windows-x86_64 | 1.4 | 32.00 | 106.00 | 138.00 | OK | |
r-oldrel-macos-arm64 | 1.4 | 37.00 | OK | |||
r-oldrel-macos-x86_64 | 1.4 | 71.00 | OK | |||
r-oldrel-windows-ix86+x86_64 | 1.4 | 19.00 | 104.00 | 123.00 | OK |
Version: 1.4
Check: for non-standard things in the check directory
Result: NOTE
Found the following files/directories:
'acceldata2.RData'
Flavors: r-devel-linux-x86_64-debian-clang, r-devel-linux-x86_64-debian-gcc, r-devel-linux-x86_64-fedora-clang, r-devel-linux-x86_64-fedora-gcc, r-patched-linux-x86_64, r-release-linux-x86_64