Last updated on 2023-02-01 09:52:54 CET.
Flavor | Version | Tinstall | Tcheck | Ttotal | Status | Flags |
---|---|---|---|---|---|---|
r-devel-linux-x86_64-debian-clang | 1.0.0 | 6.47 | 69.61 | 76.08 | OK | |
r-devel-linux-x86_64-debian-gcc | 1.0.0 | 5.65 | 51.91 | 57.56 | OK | |
r-devel-linux-x86_64-fedora-clang | 1.0.0 | 102.77 | OK | |||
r-devel-linux-x86_64-fedora-gcc | 1.0.0 | 103.13 | OK | |||
r-devel-windows-x86_64 | 1.0.0 | 23.00 | 102.00 | 125.00 | OK | |
r-patched-linux-x86_64 | 1.0.0 | 6.24 | 70.86 | 77.10 | OK | |
r-release-linux-x86_64 | 1.0.0 | 5.87 | 71.61 | 77.48 | OK | |
r-release-macos-arm64 | 1.0.0 | 38.00 | OK | |||
r-release-macos-x86_64 | 1.0.0 | 53.00 | NOTE | |||
r-release-windows-x86_64 | 1.0.0 | 29.00 | 120.00 | 149.00 | OK | |
r-oldrel-macos-arm64 | 1.0.0 | 34.00 | OK | |||
r-oldrel-macos-x86_64 | 1.0.0 | 49.00 | OK | |||
r-oldrel-windows-ix86+x86_64 | 1.0.0 | 18.00 | 92.00 | 110.00 | OK |
Version: 1.0.0
Check: package dependencies
Result: NOTE
Package suggested but not available for checking: ‘testthat’
Flavor: r-release-macos-x86_64