CRAN Package Check Results for Package acfMPeriod

Last updated on 2022-05-17 21:50:40 CEST.

Flavor Version Tinstall Tcheck Ttotal Status Flags
r-devel-linux-x86_64-debian-clang 1.0.0 2.70 35.94 38.64 NOTE
r-devel-linux-x86_64-debian-gcc 1.0.0 1.85 27.79 29.64 NOTE
r-devel-linux-x86_64-fedora-clang 1.0.0 47.66 NOTE
r-devel-linux-x86_64-fedora-gcc 1.0.0 47.25 NOTE
r-devel-windows-x86_64 1.0.0 18.00 50.00 68.00 NOTE
r-patched-linux-x86_64 1.0.0 2.26 34.60 36.86 NOTE
r-release-linux-x86_64 1.0.0 2.74 35.30 38.04 NOTE
r-release-macos-arm64 1.0.0 15.00 NOTE
r-release-macos-x86_64 1.0.0 23.00 NOTE
r-release-windows-x86_64 1.0.0 24.00 51.00 75.00 NOTE
r-oldrel-macos-arm64 1.0.0 21.00 NOTE
r-oldrel-macos-x86_64 1.0.0 30.00 NOTE
r-oldrel-windows-ix86+x86_64 1.0.0 7.00 44.00 51.00 NOTE

Check Details

Version: 1.0.0
Check: LazyData
Result: NOTE
     'LazyData' is specified without a 'data' directory
Flavors: r-devel-linux-x86_64-debian-clang, r-devel-linux-x86_64-debian-gcc, r-devel-linux-x86_64-fedora-clang, r-devel-linux-x86_64-fedora-gcc, r-devel-windows-x86_64, r-patched-linux-x86_64, r-release-linux-x86_64, r-release-macos-arm64, r-release-macos-x86_64, r-release-windows-x86_64, r-oldrel-macos-arm64, r-oldrel-macos-x86_64, r-oldrel-windows-ix86+x86_64