Last updated on 2022-05-25 11:50:58 CEST.
Flavor | Version | Tinstall | Tcheck | Ttotal | Status | Flags |
---|---|---|---|---|---|---|
r-devel-linux-x86_64-debian-clang | 2.1.4 | 10.93 | 67.84 | 78.77 | OK | |
r-devel-linux-x86_64-debian-gcc | 2.1.4 | 6.83 | 50.91 | 57.74 | OK | |
r-devel-linux-x86_64-fedora-clang | 2.1.4 | 93.18 | NOTE | |||
r-devel-linux-x86_64-fedora-gcc | 2.1.4 | 88.96 | NOTE | |||
r-devel-windows-x86_64 | 2.1.4 | 45.00 | 85.00 | 130.00 | OK | |
r-patched-linux-x86_64 | 2.1.4 | 9.42 | 64.21 | 73.63 | OK | |
r-release-linux-x86_64 | 2.1.4 | OK | ||||
r-release-macos-arm64 | 2.1.4 | 28.00 | OK | |||
r-release-macos-x86_64 | 2.1.4 | 37.00 | OK | |||
r-release-windows-x86_64 | 2.1.4 | 45.00 | 85.00 | 130.00 | OK | |
r-oldrel-macos-arm64 | 2.1.4 | 33.00 | OK | |||
r-oldrel-macos-x86_64 | 2.1.4 | 52.00 | OK | |||
r-oldrel-windows-ix86+x86_64 | 2.1.4 | 22.00 | 78.00 | 100.00 | OK |
Version: 2.1.4
Check: top-level files
Result: NOTE
‘configure’: /bin/bash is not portable
Flavors: r-devel-linux-x86_64-fedora-clang, r-devel-linux-x86_64-fedora-gcc