CRAN Package Check Results for Package activPAL

Last updated on 2022-05-20 02:52:49 CEST.

Flavor Version Tinstall Tcheck Ttotal Status Flags
r-devel-linux-x86_64-debian-clang 0.1.3 11.79 122.53 134.32 NOTE
r-devel-linux-x86_64-debian-gcc 0.1.3 8.67 88.34 97.01 NOTE
r-devel-linux-x86_64-fedora-clang 0.1.3 154.37 NOTE
r-devel-linux-x86_64-fedora-gcc 0.1.3 150.62 NOTE
r-devel-windows-x86_64 0.1.3 25.00 127.00 152.00 NOTE
r-patched-linux-x86_64 0.1.3 9.61 113.88 123.49 NOTE
r-release-linux-x86_64 0.1.3 10.01 113.81 123.82 NOTE
r-release-macos-arm64 0.1.3 42.00 NOTE
r-release-macos-x86_64 0.1.3 71.00 NOTE
r-release-windows-x86_64 0.1.3 22.00 135.00 157.00 NOTE
r-oldrel-macos-arm64 0.1.3 42.00 NOTE
r-oldrel-macos-x86_64 0.1.3 78.00 NOTE
r-oldrel-windows-ix86+x86_64 0.1.3 25.00 130.00 155.00 NOTE

Check Details

Version: 0.1.3
Check: LazyData
Result: NOTE
     'LazyData' is specified without a 'data' directory
Flavors: r-devel-linux-x86_64-debian-clang, r-devel-linux-x86_64-debian-gcc, r-devel-linux-x86_64-fedora-clang, r-devel-linux-x86_64-fedora-gcc, r-devel-windows-x86_64, r-patched-linux-x86_64, r-release-linux-x86_64, r-release-macos-arm64, r-release-macos-x86_64, r-release-windows-x86_64, r-oldrel-macos-arm64, r-oldrel-macos-x86_64, r-oldrel-windows-ix86+x86_64