Last updated on 2022-05-20 20:54:27 CEST.
Flavor | Version | Tinstall | Tcheck | Ttotal | Status | Flags |
---|---|---|---|---|---|---|
r-devel-linux-x86_64-debian-clang | 0.2.3 | 3.63 | 144.92 | 148.55 | NOTE | |
r-devel-linux-x86_64-debian-gcc | 0.2.3 | 4.20 | 101.07 | 105.27 | NOTE | |
r-devel-linux-x86_64-fedora-clang | 0.2.3 | 170.63 | NOTE | |||
r-devel-linux-x86_64-fedora-gcc | 0.2.3 | 168.70 | NOTE | |||
r-devel-windows-x86_64 | 0.2.3 | 21.00 | 152.00 | 173.00 | NOTE | |
r-patched-linux-x86_64 | 0.2.3 | 5.24 | 134.11 | 139.35 | NOTE | |
r-release-linux-x86_64 | 0.2.3 | 4.42 | 132.52 | 136.94 | NOTE | |
r-release-macos-arm64 | 0.2.3 | 48.00 | NOTE | |||
r-release-macos-x86_64 | 0.2.3 | 164.00 | NOTE | |||
r-release-windows-x86_64 | 0.2.3 | 22.00 | 159.00 | 181.00 | NOTE | |
r-oldrel-macos-arm64 | 0.2.3 | 56.00 | NOTE | |||
r-oldrel-macos-x86_64 | 0.2.3 | 125.00 | NOTE | |||
r-oldrel-windows-ix86+x86_64 | 0.2.3 | 15.00 | 156.00 | 171.00 | NOTE |
Version: 0.2.3
Check: LazyData
Result: NOTE
'LazyData' is specified without a 'data' directory
Flavors: r-devel-linux-x86_64-debian-clang, r-devel-linux-x86_64-debian-gcc, r-devel-linux-x86_64-fedora-clang, r-devel-linux-x86_64-fedora-gcc, r-devel-windows-x86_64, r-patched-linux-x86_64, r-release-linux-x86_64, r-release-macos-arm64, r-release-macos-x86_64, r-release-windows-x86_64, r-oldrel-macos-arm64, r-oldrel-macos-x86_64, r-oldrel-windows-ix86+x86_64
Version: 0.2.3
Check: package dependencies
Result: NOTE
Package suggested but not available for checking: ‘testthat’
Flavor: r-oldrel-macos-x86_64