CRAN Package Check Results for Package ada

Last updated on 2024-04-17 21:55:46 CEST.

Flavor Version Tinstall Tcheck Ttotal Status Flags
r-devel-linux-x86_64-debian-clang 2.0-5 2.85 30.65 33.50 NOTE
r-devel-linux-x86_64-debian-gcc 2.0-5 2.41 23.12 25.53 NOTE
r-devel-linux-x86_64-fedora-clang 2.0-5 42.12 NOTE
r-devel-linux-x86_64-fedora-gcc 2.0-5 42.19 NOTE
r-prerel-macos-arm64 2.0-5 17.00 NOTE
r-prerel-windows-x86_64 2.0-5 5.00 49.00 54.00 NOTE
r-patched-linux-x86_64 2.0-5 2.95 28.72 31.67 NOTE
r-release-linux-x86_64 2.0-5 2.65 29.82 32.47 NOTE
r-release-macos-arm64 2.0-5 20.00 NOTE
r-release-macos-x86_64 2.0-5 25.00 NOTE
r-release-windows-x86_64 2.0-5 3.00 45.00 48.00 NOTE
r-oldrel-macos-arm64 2.0-5 20.00 OK
r-oldrel-windows-x86_64 2.0-5 4.00 51.00 55.00 OK

Check Details

Version: 2.0-5
Check: Rd files
Result: NOTE checkRd: (-1) ada.Rd:171: Escaped LaTeX specials: \& Flavors: r-devel-linux-x86_64-debian-clang, r-devel-linux-x86_64-debian-gcc, r-devel-linux-x86_64-fedora-clang, r-devel-linux-x86_64-fedora-gcc, r-prerel-macos-arm64, r-prerel-windows-x86_64, r-patched-linux-x86_64, r-release-linux-x86_64, r-release-macos-arm64, r-release-macos-x86_64, r-release-windows-x86_64