CRAN Package Check Results for Package adamethods

Last updated on 2022-05-23 17:52:48 CEST.

Flavor Version Tinstall Tcheck Ttotal Status Flags
r-devel-linux-x86_64-debian-clang 1.2.1 19.93 166.64 186.57 NOTE
r-devel-linux-x86_64-debian-gcc 1.2.1 16.23 123.23 139.46 NOTE
r-devel-linux-x86_64-fedora-clang 1.2.1 229.21 NOTE
r-devel-linux-x86_64-fedora-gcc 1.2.1 230.05 NOTE
r-devel-windows-x86_64 1.2.1 69.00 186.00 255.00 NOTE
r-patched-linux-x86_64 1.2.1 19.29 157.63 176.92 NOTE
r-release-linux-x86_64 1.2.1 NOTE
r-release-macos-arm64 1.2.1 57.00 NOTE
r-release-macos-x86_64 1.2.1 106.00 NOTE
r-release-windows-x86_64 1.2.1 60.00 186.00 246.00 NOTE
r-oldrel-macos-arm64 1.2.1 68.00 NOTE
r-oldrel-macos-x86_64 1.2.1 115.00 NOTE
r-oldrel-windows-ix86+x86_64 1.2.1 43.00 178.00 221.00 NOTE

Check Details

Version: 1.2.1
Check: LazyData
Result: NOTE
     'LazyData' is specified without a 'data' directory
Flavors: r-devel-linux-x86_64-debian-clang, r-devel-linux-x86_64-debian-gcc, r-devel-linux-x86_64-fedora-clang, r-devel-linux-x86_64-fedora-gcc, r-devel-windows-x86_64, r-patched-linux-x86_64, r-release-linux-x86_64, r-release-macos-arm64, r-release-macos-x86_64, r-release-windows-x86_64, r-oldrel-macos-arm64, r-oldrel-macos-x86_64, r-oldrel-windows-ix86+x86_64