CRAN Package Check Results for Package adaptMT

Last updated on 2024-04-20 00:04:13 CEST.

Flavor Version Tinstall Tcheck Ttotal Status Flags
r-devel-linux-x86_64-debian-clang 1.0.0 3.08 280.84 283.92 NOTE
r-devel-linux-x86_64-debian-gcc 1.0.0 NOTE
r-devel-linux-x86_64-fedora-clang 1.0.0 340.70 NOTE
r-devel-linux-x86_64-fedora-gcc 1.0.0 351.64 NOTE
r-prerel-macos-arm64 1.0.0 145.00 NOTE
r-prerel-windows-x86_64 1.0.0 6.00 272.00 278.00 NOTE
r-patched-linux-x86_64 1.0.0 4.10 264.72 268.82 NOTE
r-release-linux-x86_64 1.0.0 3.11 264.93 268.04 OK
r-release-macos-arm64 1.0.0 156.00 OK
r-release-macos-x86_64 1.0.0 265.00 OK
r-release-windows-x86_64 1.0.0 4.00 302.00 306.00 OK
r-oldrel-macos-arm64 1.0.0 142.00 OK
r-oldrel-windows-x86_64 1.0.0 5.00 298.00 303.00 OK

Check Details

Version: 1.0.0
Check: Rd files
Result: NOTE checkRd: (-1) adapt.Rd:46: Lost braces 46 | \item{qvals}{a vector of values in [0, 1]U{Inf}. Q-values. See Details} | ^ checkRd: (-1) corr_lfdr.Rd:22: Lost braces in \itemize; \value handles \item{}{} directly checkRd: (-1) corr_lfdr.Rd:23: Lost braces in \itemize; \value handles \item{}{} directly checkRd: (-1) corr_lfdr.Rd:24: Lost braces in \itemize; \value handles \item{}{} directly checkRd: (-1) corr_lfdr.Rd:25: Lost braces in \itemize; \value handles \item{}{} directly checkRd: (-1) corr_lfdr.Rd:26: Lost braces in \itemize; \value handles \item{}{} directly checkRd: (-1) ctgm_lfdr.Rd:32: Lost braces in \itemize; \value handles \item{}{} directly checkRd: (-1) ctgm_lfdr.Rd:33: Lost braces in \itemize; \value handles \item{}{} directly checkRd: (-1) plot_2d.Rd:40: Lost braces; missing escapes or markup? 40 | \code{plot_2d_lfdr} gives the contour plot of local FDR estimates when all p-values are equal to \code{targetp}. It is recommended to run \code{plot_2d_lfdr} for multiple \code{targetp}'s ranging from {0.001, 0.005, 0.01, 0.05}. | ^ Flavors: r-devel-linux-x86_64-debian-clang, r-devel-linux-x86_64-debian-gcc, r-devel-linux-x86_64-fedora-clang, r-devel-linux-x86_64-fedora-gcc, r-prerel-macos-arm64, r-prerel-windows-x86_64, r-patched-linux-x86_64