CRAN Package Check Results for Package adbcpostgresql

Last updated on 2024-04-19 03:56:14 CEST.

Flavor Version Tinstall Tcheck Ttotal Status Flags
r-devel-linux-x86_64-debian-clang 0.11.0 44.47 22.72 67.19 OK
r-devel-linux-x86_64-debian-gcc 0.11.0.1 40.29 18.11 58.40 OK
r-devel-linux-x86_64-fedora-clang 0.11.0.1 104.86 OK
r-devel-linux-x86_64-fedora-gcc 0.11.0.1 113.60 OK
r-prerel-macos-arm64 0.11.0.1 31.00 NOTE
r-prerel-macos-x86_64 0.11.0.1 50.00 NOTE
r-prerel-windows-x86_64 0.11.0.1 51.00 127.00 178.00 NOTE
r-patched-linux-x86_64 0.11.0.1 47.48 22.67 70.15 OK
r-release-linux-x86_64 0.11.0 53.31 22.67 75.98 OK
r-release-macos-arm64 0.11.0.1 35.00 NOTE
r-release-macos-x86_64 0.11.0.1 43.00 NOTE
r-release-windows-x86_64 0.11.0.1 46.00 130.00 176.00 NOTE
r-oldrel-macos-arm64 0.11.0.1 36.00 NOTE
r-oldrel-windows-x86_64 0.11.0.1 50.00 92.00 142.00 OK

Check Details

Version: 0.11.0.1
Check: installed package size
Result: NOTE installed size is 5.7Mb sub-directories of 1Mb or more: libs 5.6Mb Flavors: r-prerel-macos-arm64, r-prerel-macos-x86_64, r-prerel-windows-x86_64, r-release-macos-arm64, r-release-macos-x86_64, r-release-windows-x86_64, r-oldrel-macos-arm64