CRAN Package Check Results for Package addinslist

Last updated on 2022-05-17 08:52:11 CEST.

Flavor Version Tinstall Tcheck Ttotal Status Flags
r-devel-linux-x86_64-debian-clang 0.4.0 4.90 46.64 51.54 NOTE
r-devel-linux-x86_64-debian-gcc 0.4.0 3.45 36.36 39.81 NOTE
r-devel-linux-x86_64-fedora-clang 0.4.0 61.84 NOTE
r-devel-linux-x86_64-fedora-gcc 0.4.0 59.11 NOTE
r-devel-windows-x86_64 0.4.0 22.00 69.00 91.00 NOTE
r-patched-linux-x86_64 0.4.0 4.11 45.68 49.79 NOTE
r-release-linux-x86_64 0.4.0 4.45 44.40 48.85 NOTE
r-release-macos-arm64 0.4.0 20.00 NOTE
r-release-macos-x86_64 0.4.0 27.00 NOTE
r-release-windows-x86_64 0.4.0 18.00 72.00 90.00 NOTE
r-oldrel-macos-arm64 0.4.0 23.00 NOTE
r-oldrel-macos-x86_64 0.4.0 37.00 NOTE
r-oldrel-windows-ix86+x86_64 0.4.0 14.00 59.00 73.00 NOTE

Check Details

Version: 0.4.0
Check: LazyData
Result: NOTE
     'LazyData' is specified without a 'data' directory
Flavors: r-devel-linux-x86_64-debian-clang, r-devel-linux-x86_64-debian-gcc, r-devel-linux-x86_64-fedora-clang, r-devel-linux-x86_64-fedora-gcc, r-devel-windows-x86_64, r-patched-linux-x86_64, r-release-linux-x86_64, r-release-macos-arm64, r-release-macos-x86_64, r-release-windows-x86_64, r-oldrel-macos-arm64, r-oldrel-macos-x86_64, r-oldrel-windows-ix86+x86_64