CRAN Package Check Results for Package addinslist

Last updated on 2023-05-30 16:00:25 CEST.

Flavor Version Tinstall Tcheck Ttotal Status Flags
r-devel-linux-x86_64-debian-clang 0.5.0 4.61 34.63 39.24 OK
r-devel-linux-x86_64-debian-gcc 0.5.0 3.47 27.75 31.22 OK
r-devel-linux-x86_64-fedora-clang 0.5.0 49.46 OK
r-devel-linux-x86_64-fedora-gcc 0.5.0 54.14 OK
r-devel-windows-x86_64 0.5.0 5.00 49.00 54.00 OK
r-patched-linux-x86_64 0.5.0 3.09 34.40 37.49 OK
r-release-linux-x86_64 0.5.0 2.81 33.66 36.47 OK
r-release-macos-arm64 0.5.0 19.00 OK
r-release-macos-x86_64 0.4.0 28.00 NOTE
r-release-windows-x86_64 0.5.0 7.00 53.00 60.00 OK
r-oldrel-macos-arm64 0.5.0 25.00 OK
r-oldrel-macos-x86_64 0.5.0 28.00 OK
r-oldrel-windows-x86_64 0.5.0 8.00 58.00 66.00 OK

Check Details

Version: 0.4.0
Check: LazyData
Result: NOTE
     'LazyData' is specified without a 'data' directory
Flavor: r-release-macos-x86_64