CRAN Package Check Results for Package additiveDEA

Last updated on 2024-04-19 05:10:36 CEST.

Flavor Version Tinstall Tcheck Ttotal Status Flags
r-devel-linux-x86_64-debian-clang 1.1 3.58 32.43 36.01 OK
r-devel-linux-x86_64-debian-gcc 1.1 2.49 24.73 27.22 OK
r-devel-linux-x86_64-fedora-clang 1.1 45.09 NOTE
r-devel-linux-x86_64-fedora-gcc 1.1 43.83 NOTE
r-prerel-macos-arm64 1.1 18.00 OK
r-prerel-windows-x86_64 1.1 3.00 54.00 57.00 OK
r-patched-linux-x86_64 1.1 2.50 32.55 35.05 OK
r-release-linux-x86_64 1.1 3.34 33.00 36.34 OK
r-release-macos-arm64 1.1 19.00 OK
r-release-macos-x86_64 1.1 27.00 OK
r-release-windows-x86_64 1.1 3.00 47.00 50.00 OK
r-oldrel-macos-arm64 1.1 18.00 NOTE
r-oldrel-windows-x86_64 1.1 5.00 51.00 56.00 OK

Check Details

Version: 1.1
Check: dependencies in R code
Result: NOTE Namespace in Imports field not imported from: ‘Benchmarking’ All declared Imports should be used. Flavors: r-devel-linux-x86_64-fedora-clang, r-devel-linux-x86_64-fedora-gcc, r-oldrel-macos-arm64