Last updated on 2022-06-27 09:50:07 CEST.
Flavor | Version | Tinstall | Tcheck | Ttotal | Status | Flags |
---|---|---|---|---|---|---|
r-devel-linux-x86_64-debian-clang | 1.1-11 | 23.47 | 191.82 | 215.29 | NOTE | |
r-devel-linux-x86_64-debian-gcc | 1.1-11 | 19.25 | 140.67 | 159.92 | NOTE | |
r-devel-linux-x86_64-fedora-clang | 1.1-11 | 263.28 | NOTE | |||
r-devel-linux-x86_64-fedora-gcc | 1.1-11 | 252.81 | NOTE | |||
r-devel-windows-x86_64 | 1.1-11 | 46.00 | 353.00 | 399.00 | NOTE | |
r-patched-linux-x86_64 | 1.1-11 | 22.79 | 175.57 | 198.36 | OK | |
r-release-linux-x86_64 | 1.1-11 | 17.03 | 177.06 | 194.09 | OK | |
r-release-macos-arm64 | 1.1-11 | 72.00 | OK | |||
r-release-macos-x86_64 | 1.1-11 | 132.00 | OK | |||
r-release-windows-x86_64 | 1.1-11 | 57.00 | 226.00 | 283.00 | OK | |
r-oldrel-macos-arm64 | 1.1-11 | 105.00 | OK | |||
r-oldrel-macos-x86_64 | 1.1-11 | 187.00 | OK | |||
r-oldrel-windows-ix86+x86_64 | 1.1-11 | 53.00 | 281.00 | 334.00 | OK |
Version: 1.1-11
Check: Rd files
Result: NOTE
checkRd: (-1) orthobasis.Rd:106: Escaped LaTeX specials: \&
checkRd: (-1) orthobasis.Rd:110: Escaped LaTeX specials: \&
checkRd: (-1) treePart.Rd:33: Escaped LaTeX specials: \$
Flavors: r-devel-linux-x86_64-debian-clang, r-devel-linux-x86_64-debian-gcc, r-devel-linux-x86_64-fedora-clang, r-devel-linux-x86_64-fedora-gcc, r-devel-windows-x86_64