CRAN Package Check Results for Package adjustedcranlogs

Last updated on 2024-05-27 20:51:04 CEST.

Flavor Version Tinstall Tcheck Ttotal Status Flags
r-devel-linux-x86_64-debian-clang 0.1.0 5.28 47.43 52.71 NOTE
r-devel-linux-x86_64-debian-gcc 0.1.0 3.81 36.04 39.85 NOTE
r-devel-linux-x86_64-fedora-clang 0.1.0 66.75 NOTE
r-devel-linux-x86_64-fedora-gcc 0.1.0 60.80 NOTE
r-devel-windows-x86_64 0.1.0 6.00 55.00 61.00 NOTE
r-patched-linux-x86_64 0.1.0 5.02 44.04 49.06 NOTE
r-release-linux-x86_64 0.1.0 5.33 43.60 48.93 NOTE
r-release-macos-arm64 0.1.0 24.00 NOTE
r-release-windows-x86_64 0.1.0 7.00 53.00 60.00 NOTE
r-oldrel-macos-arm64 0.1.0 25.00 NOTE
r-oldrel-macos-x86_64 0.1.0 31.00 NOTE
r-oldrel-windows-x86_64 0.1.0 8.00 61.00 69.00 NOTE

Check Details

Version: 0.1.0
Check: LazyData
Result: NOTE 'LazyData' is specified without a 'data' directory Flavors: r-devel-linux-x86_64-debian-clang, r-devel-linux-x86_64-debian-gcc, r-devel-linux-x86_64-fedora-clang, r-devel-linux-x86_64-fedora-gcc, r-devel-windows-x86_64, r-patched-linux-x86_64, r-release-linux-x86_64, r-release-macos-arm64, r-release-windows-x86_64, r-oldrel-macos-arm64, r-oldrel-macos-x86_64, r-oldrel-windows-x86_64