CRAN Package Check Results for Package adklakedata

Last updated on 2022-05-16 05:50:06 CEST.

Flavor Version Tinstall Tcheck Ttotal Status Flags
r-devel-linux-x86_64-debian-clang 0.6.1 2.03 36.90 38.93 NOTE
r-devel-linux-x86_64-debian-gcc 0.6.1 1.77 28.44 30.21 NOTE
r-devel-linux-x86_64-fedora-clang 0.6.1 47.23 NOTE
r-devel-linux-x86_64-fedora-gcc 0.6.1 44.87 NOTE
r-devel-windows-x86_64 0.6.1 33.00 54.00 87.00 NOTE
r-patched-linux-x86_64 0.6.1 1.77 35.29 37.06 NOTE
r-release-linux-x86_64 0.6.1 2.21 34.36 36.57 NOTE
r-release-macos-arm64 0.6.1 17.00 NOTE
r-release-macos-x86_64 0.6.1 23.00 NOTE
r-release-windows-x86_64 0.6.1 44.00 59.00 103.00 NOTE
r-oldrel-macos-arm64 0.6.1 26.00 NOTE
r-oldrel-macos-x86_64 0.6.1 28.00 NOTE
r-oldrel-windows-ix86+x86_64 0.6.1 6.00 46.00 52.00 NOTE

Check Details

Version: 0.6.1
Check: LazyData
Result: NOTE
     'LazyData' is specified without a 'data' directory
Flavors: r-devel-linux-x86_64-debian-clang, r-devel-linux-x86_64-debian-gcc, r-devel-linux-x86_64-fedora-clang, r-devel-linux-x86_64-fedora-gcc, r-devel-windows-x86_64, r-patched-linux-x86_64, r-release-linux-x86_64, r-release-macos-arm64, r-release-macos-x86_64, r-release-windows-x86_64, r-oldrel-macos-arm64, r-oldrel-macos-x86_64, r-oldrel-windows-ix86+x86_64