Last updated on 2023-01-28 16:51:11 CET.
Flavor | Version | Tinstall | Tcheck | Ttotal | Status | Flags |
---|---|---|---|---|---|---|
r-devel-linux-x86_64-debian-clang | 0.1.1 | 3.59 | 30.65 | 34.24 | NOTE | |
r-devel-linux-x86_64-debian-gcc | 0.1.1 | 2.64 | 24.54 | 27.18 | NOTE | |
r-devel-linux-x86_64-fedora-clang | 0.1.1 | 45.63 | NOTE | |||
r-devel-linux-x86_64-fedora-gcc | 0.1.1 | 43.01 | NOTE | |||
r-devel-windows-x86_64 | 0.1.1 | 13.00 | 56.00 | 69.00 | NOTE | |
r-patched-linux-x86_64 | 0.1.1 | 3.56 | 31.38 | 34.94 | NOTE | |
r-release-linux-x86_64 | 0.1.1 | 3.48 | 31.33 | 34.81 | NOTE | |
r-release-macos-arm64 | 0.1.1 | 18.00 | NOTE | |||
r-release-macos-x86_64 | 0.1.1 | 25.00 | NOTE | |||
r-release-windows-x86_64 | 0.1.1 | 14.00 | 57.00 | 71.00 | NOTE | |
r-oldrel-macos-arm64 | 0.1.1 | 27.00 | NOTE | |||
r-oldrel-macos-x86_64 | 0.1.1 | 29.00 | NOTE | |||
r-oldrel-windows-ix86+x86_64 | 0.1.1 | 7.00 | 55.00 | 62.00 | NOTE |
Version: 0.1.1
Check: LazyData
Result: NOTE
'LazyData' is specified without a 'data' directory
Flavors: r-devel-linux-x86_64-debian-clang, r-devel-linux-x86_64-debian-gcc, r-devel-linux-x86_64-fedora-clang, r-devel-linux-x86_64-fedora-gcc, r-devel-windows-x86_64, r-patched-linux-x86_64, r-release-linux-x86_64, r-release-macos-arm64, r-release-macos-x86_64, r-release-windows-x86_64, r-oldrel-macos-arm64, r-oldrel-macos-x86_64, r-oldrel-windows-ix86+x86_64