CRAN Package Check Results for Package advclust

Last updated on 2022-05-16 13:50:09 CEST.

Flavor Version Tinstall Tcheck Ttotal Status Flags
r-devel-linux-x86_64-debian-clang 0.4 10.24 82.33 92.57 ERROR
r-devel-linux-x86_64-debian-gcc 0.4 7.26 61.57 68.83 ERROR
r-devel-linux-x86_64-fedora-clang 0.4 110.72 ERROR
r-devel-linux-x86_64-fedora-gcc 0.4 102.21 ERROR
r-devel-windows-x86_64 0.4 45.00 105.00 150.00 ERROR
r-patched-linux-x86_64 0.4 9.83 127.88 137.71 NOTE
r-release-linux-x86_64 0.4 8.89 125.64 134.53 NOTE
r-release-macos-arm64 0.4 40.00 NOTE
r-release-macos-x86_64 0.4 59.00 NOTE
r-release-windows-x86_64 0.4 53.00 153.00 206.00 NOTE
r-oldrel-macos-arm64 0.4 59.00 NOTE
r-oldrel-macos-x86_64 0.4 73.00 NOTE
r-oldrel-windows-ix86+x86_64 0.4 23.00 145.00 168.00 NOTE

Check Details

Version: 0.4
Check: LazyData
Result: NOTE
     'LazyData' is specified without a 'data' directory
Flavors: r-devel-linux-x86_64-debian-clang, r-devel-linux-x86_64-debian-gcc, r-devel-linux-x86_64-fedora-clang, r-devel-linux-x86_64-fedora-gcc, r-devel-windows-x86_64, r-patched-linux-x86_64, r-release-linux-x86_64, r-release-macos-arm64, r-release-macos-x86_64, r-release-windows-x86_64, r-oldrel-macos-arm64, r-oldrel-macos-x86_64, r-oldrel-windows-ix86+x86_64

Version: 0.4
Check: examples
Result: ERROR
    Running examples in 'advclust-Ex.R' failed
    The error most likely occurred in:
    
    > base::assign(".ptime", proc.time(), pos = "CheckExEnv")
    > ### Name: biploting
    > ### Title: Biploting Fuzzy Cluster Result
    > ### Aliases: biploting
    >
    > ### ** Examples
    >
    > fuzzy.CM(iris[,1:4],K=3,m=2,max.iteration=100,threshold=1e-5,RandomNumber=1234)->cl1
    
    Membership initialiazed randomly
    Error in member(object) < 0 || member(object) > 1 :
     'length = 450' in coercion to 'logical(1)'
    Calls: fuzzy.CM ... validObject -> anyStrings -> isTRUE -> validityMethod
    Execution halted
Flavors: r-devel-linux-x86_64-debian-clang, r-devel-linux-x86_64-debian-gcc

Version: 0.4
Check: re-building of vignette outputs
Result: ERROR
    Error(s) in re-building vignettes:
     ...
    --- re-building 'advclust.Rmd' using rmarkdown
    Quitting from lines 28-32 (advclust.Rmd)
    Error: processing vignette 'advclust.Rmd' failed with diagnostics:
    'length = 450' in coercion to 'logical(1)'
    --- failed re-building 'advclust.Rmd'
    
    SUMMARY: processing the following file failed:
     'advclust.Rmd'
    
    Error: Vignette re-building failed.
    Execution halted
Flavors: r-devel-linux-x86_64-debian-clang, r-devel-linux-x86_64-debian-gcc

Version: 0.4
Check: examples
Result: ERROR
    Running examples in ‘advclust-Ex.R’ failed
    The error most likely occurred in:
    
    > ### Name: biploting
    > ### Title: Biploting Fuzzy Cluster Result
    > ### Aliases: biploting
    >
    > ### ** Examples
    >
    > fuzzy.CM(iris[,1:4],K=3,m=2,max.iteration=100,threshold=1e-5,RandomNumber=1234)->cl1
    
    Membership initialiazed randomly
    Error in member(object) < 0 || member(object) > 1 :
     'length = 450' in coercion to 'logical(1)'
    Calls: fuzzy.CM ... validObject -> anyStrings -> isTRUE -> validityMethod
    Execution halted
Flavors: r-devel-linux-x86_64-fedora-clang, r-devel-linux-x86_64-fedora-gcc, r-devel-windows-x86_64

Version: 0.4
Check: re-building of vignette outputs
Result: ERROR
    Error(s) in re-building vignettes:
    --- re-building ‘advclust.Rmd’ using rmarkdown
    Quitting from lines 28-32 (advclust.Rmd)
    Error: processing vignette 'advclust.Rmd' failed with diagnostics:
    'length = 450' in coercion to 'logical(1)'
    --- failed re-building ‘advclust.Rmd’
    
    SUMMARY: processing the following file failed:
     ‘advclust.Rmd’
    
    Error: Vignette re-building failed.
    Execution halted
Flavors: r-devel-linux-x86_64-fedora-clang, r-devel-linux-x86_64-fedora-gcc, r-devel-windows-x86_64