CRAN Package Check Results for Package adventr

Last updated on 2022-01-24 14:54:10 CET.

Flavor Version Tinstall Tcheck Ttotal Status Flags
r-devel-linux-x86_64-debian-clang 0.1.8 4.91 46.98 51.89 OK
r-devel-linux-x86_64-debian-gcc 0.1.8 4.23 36.26 40.49 OK
r-devel-linux-x86_64-fedora-clang 0.1.8 62.63 NOTE
r-devel-linux-x86_64-fedora-gcc 0.1.8 54.01 NOTE
r-devel-windows-x86_64-new-UL 0.1.8 219.00 110.00 329.00 NOTE
r-devel-windows-x86_64-new-TK 0.1.8 ERROR
r-patched-linux-x86_64 0.1.8 5.55 44.26 49.81 OK
r-release-linux-x86_64 0.1.8 4.77 43.55 48.32 OK
r-release-macos-arm64 0.1.8 NOTE
r-release-macos-x86_64 0.1.8 NOTE
r-release-windows-ix86+x86_64 0.1.8 14.00 60.00 74.00 NOTE
r-oldrel-macos-x86_64 0.1.8 NOTE
r-oldrel-windows-ix86+x86_64 0.1.8 16.00 60.00 76.00 NOTE

Check Details

Version: 0.1.8
Check: installed package size
Result: NOTE
     installed size is 5.8Mb
     sub-directories of 1Mb or more:
     tutorials 5.6Mb
Flavors: r-devel-linux-x86_64-fedora-clang, r-devel-windows-x86_64-new-UL, r-release-macos-arm64, r-release-macos-x86_64, r-release-windows-ix86+x86_64, r-oldrel-macos-x86_64, r-oldrel-windows-ix86+x86_64

Version: 0.1.8
Check: dependencies in R code
Result: NOTE
    Namespaces in Imports field not imported from:
     ‘BayesFactor’ ‘GGally’ ‘Hmisc’ ‘WRS2’ ‘boot’ ‘car’ ‘dplyr’ ‘effects’
     ‘effsize’ ‘forcats’ ‘ggplot2’ ‘lm.beta’ ‘nlme’ ‘readr’ ‘robust’
     ‘sandwich’ ‘sjstats’ ‘tidyr’
     All declared Imports should be used.
Flavors: r-devel-linux-x86_64-fedora-clang, r-devel-linux-x86_64-fedora-gcc, r-release-macos-arm64, r-release-macos-x86_64, r-oldrel-macos-x86_64

Version: 0.1.8
Check: package dependencies
Result: ERROR
    Packages required but not available: 'car', 'effects', 'sjstats'
    
    See section 'The DESCRIPTION file' in the 'Writing R Extensions'
    manual.
Flavor: r-devel-windows-x86_64-new-TK