CRAN Package Check Results for Package afmToolkit

Last updated on 2024-04-20 14:50:26 CEST.

Flavor Version Tinstall Tcheck Ttotal Status Flags
r-devel-linux-x86_64-debian-clang 0.0.1 7.51 74.10 81.61 OK
r-devel-linux-x86_64-debian-gcc 0.0.1 6.81 54.27 61.08 OK
r-devel-linux-x86_64-fedora-clang 0.0.1 101.15 NOTE
r-devel-linux-x86_64-fedora-gcc 0.0.1 105.85 NOTE
r-prerel-macos-arm64 0.0.1 36.00 OK
r-prerel-windows-x86_64 0.0.1 8.00 76.00 84.00 OK
r-patched-linux-x86_64 0.0.1 8.91 69.91 78.82 OK
r-release-linux-x86_64 0.0.1 5.67 69.69 75.36 OK
r-release-macos-arm64 0.0.1 35.00 OK
r-release-macos-x86_64 0.0.1 50.00 OK
r-release-windows-x86_64 0.0.1 11.00 87.00 98.00 OK
r-oldrel-macos-arm64 0.0.1 32.00 NOTE
r-oldrel-windows-x86_64 0.0.1 11.00 89.00 100.00 OK

Check Details

Version: 0.0.1
Check: dependencies in R code
Result: NOTE Namespaces in Imports field not imported from: ‘DBI’ ‘assertthat’ ‘tibble’ All declared Imports should be used. Flavors: r-devel-linux-x86_64-fedora-clang, r-devel-linux-x86_64-fedora-gcc, r-oldrel-macos-arm64