CRAN Package Check Results for Package aiRly

Last updated on 2024-05-27 01:48:07 CEST.

Flavor Version Tinstall Tcheck Ttotal Status Flags
r-devel-linux-x86_64-debian-clang 0.1.0 5.36 44.41 49.77 NOTE
r-devel-linux-x86_64-debian-gcc 0.1.0 3.57 33.15 36.72 NOTE
r-devel-linux-x86_64-fedora-clang 0.1.0 61.45 NOTE
r-devel-linux-x86_64-fedora-gcc 0.1.0 56.49 NOTE
r-devel-windows-x86_64 0.1.0 5.00 57.00 62.00 NOTE
r-patched-linux-x86_64 0.1.0 5.18 42.33 47.51 NOTE
r-release-linux-x86_64 0.1.0 3.65 42.77 46.42 NOTE
r-release-macos-arm64 0.1.0 22.00 NOTE
r-release-windows-x86_64 0.1.0 5.00 58.00 63.00 NOTE
r-oldrel-macos-arm64 0.1.0 23.00 NOTE
r-oldrel-macos-x86_64 0.1.0 32.00 NOTE
r-oldrel-windows-x86_64 0.1.0 6.00 63.00 69.00 NOTE

Additional issues

donttest

Check Details

Version: 0.1.0
Check: LazyData
Result: NOTE 'LazyData' is specified without a 'data' directory Flavors: r-devel-linux-x86_64-debian-clang, r-devel-linux-x86_64-debian-gcc, r-devel-linux-x86_64-fedora-clang, r-devel-linux-x86_64-fedora-gcc, r-devel-windows-x86_64, r-patched-linux-x86_64, r-release-linux-x86_64, r-release-macos-arm64, r-release-windows-x86_64, r-oldrel-macos-arm64, r-oldrel-macos-x86_64, r-oldrel-windows-x86_64