CRAN Package Check Results for Package aire.zmvm

Last updated on 2022-05-29 12:55:09 CEST.

Flavor Version Tinstall Tcheck Ttotal Status Flags
r-devel-linux-x86_64-debian-clang 0.8.2 10.15 91.23 101.38 OK
r-devel-linux-x86_64-debian-gcc 0.8.2 7.54 68.08 75.62 OK
r-devel-linux-x86_64-fedora-clang 0.8.2 126.87 NOTE
r-devel-linux-x86_64-fedora-gcc 0.8.2 114.25 NOTE
r-devel-windows-x86_64 0.8.2 28.00 104.00 132.00 OK
r-patched-linux-x86_64 0.8.2 10.11 85.21 95.32 OK
r-release-linux-x86_64 0.8.2 9.07 84.99 94.06 OK
r-release-macos-arm64 0.8.2 34.00 NOTE
r-release-macos-x86_64 0.8.2 63.00 NOTE
r-release-windows-x86_64 0.8.2 42.00 104.00 146.00 OK
r-oldrel-macos-arm64 0.8.2 43.00 NOTE
r-oldrel-macos-x86_64 0.8.2 56.00 NOTE
r-oldrel-windows-ix86+x86_64 0.8.2 27.00 101.00 128.00 OK

Check Details

Version: 0.8.2
Check: data for non-ASCII characters
Result: NOTE
     Note: found 53 marked UTF-8 strings
Flavors: r-devel-linux-x86_64-fedora-clang, r-devel-linux-x86_64-fedora-gcc, r-release-macos-arm64, r-release-macos-x86_64, r-oldrel-macos-arm64, r-oldrel-macos-x86_64