CRAN Package Check Results for Package allcontributors

Last updated on 2022-05-27 19:53:49 CEST.

Flavor Version Tinstall Tcheck Ttotal Status Flags
r-devel-linux-x86_64-debian-clang 0.0.2 3.12 40.80 43.92 NOTE
r-devel-linux-x86_64-debian-gcc 0.0.2 2.24 32.31 34.55 NOTE
r-devel-linux-x86_64-fedora-clang 0.0.2 58.83 NOTE
r-devel-linux-x86_64-fedora-gcc 0.0.2 52.83 NOTE
r-devel-windows-x86_64 0.0.2 23.00 68.00 91.00 NOTE
r-patched-linux-x86_64 0.0.2 2.60 40.28 42.88 NOTE
r-release-linux-x86_64 0.0.2 3.15 39.67 42.82 NOTE
r-release-macos-arm64 0.0.2 30.00 NOTE
r-release-macos-x86_64 0.0.2 37.00 NOTE
r-release-windows-x86_64 0.0.2 26.00 68.00 94.00 NOTE
r-oldrel-macos-arm64 0.0.2 20.00 NOTE
r-oldrel-macos-x86_64 0.0.2 25.00 NOTE
r-oldrel-windows-ix86+x86_64 0.0.2 10.00 59.00 69.00 NOTE

Check Details

Version: 0.0.2
Check: LazyData
Result: NOTE
     'LazyData' is specified without a 'data' directory
Flavors: r-devel-linux-x86_64-debian-clang, r-devel-linux-x86_64-debian-gcc, r-devel-linux-x86_64-fedora-clang, r-devel-linux-x86_64-fedora-gcc, r-devel-windows-x86_64, r-patched-linux-x86_64, r-release-linux-x86_64, r-release-macos-arm64, r-release-macos-x86_64, r-release-windows-x86_64, r-oldrel-macos-arm64, r-oldrel-macos-x86_64, r-oldrel-windows-ix86+x86_64