CRAN Package Check Results for Package almanac

Last updated on 2022-05-17 12:48:48 CEST.

Flavor Version Tinstall Tcheck Ttotal Status Flags
r-devel-linux-x86_64-debian-clang 0.1.1 13.51 167.52 181.03 NOTE
r-devel-linux-x86_64-debian-gcc 0.1.1 9.39 118.01 127.40 NOTE
r-devel-linux-x86_64-fedora-clang 0.1.1 242.59 NOTE
r-devel-linux-x86_64-fedora-gcc 0.1.1 229.26 NOTE
r-devel-windows-x86_64 0.1.1 61.00 177.00 238.00 NOTE
r-patched-linux-x86_64 0.1.1 11.97 161.97 173.94 NOTE
r-release-linux-x86_64 0.1.1 11.23 160.56 171.79 NOTE
r-release-macos-arm64 0.1.1 60.00 NOTE
r-release-macos-x86_64 0.1.1 78.00 NOTE
r-release-windows-x86_64 0.1.1 73.00 168.00 241.00 NOTE
r-oldrel-macos-arm64 0.1.1 71.00 NOTE
r-oldrel-macos-x86_64 0.1.1 103.00 NOTE
r-oldrel-windows-ix86+x86_64 0.1.1 36.00 313.00 349.00 NOTE

Check Details

Version: 0.1.1
Check: LazyData
Result: NOTE
     'LazyData' is specified without a 'data' directory
Flavors: r-devel-linux-x86_64-debian-clang, r-devel-linux-x86_64-debian-gcc, r-devel-linux-x86_64-fedora-clang, r-devel-linux-x86_64-fedora-gcc, r-devel-windows-x86_64, r-patched-linux-x86_64, r-release-linux-x86_64, r-release-macos-arm64, r-release-macos-x86_64, r-release-windows-x86_64, r-oldrel-macos-arm64, r-oldrel-macos-x86_64, r-oldrel-windows-ix86+x86_64