CRAN Package Check Results for Package alpaca

Last updated on 2024-04-17 23:55:23 CEST.

Flavor Version Tinstall Tcheck Ttotal Status Flags
r-devel-linux-x86_64-debian-clang 0.3.4 55.17 49.41 104.58 NOTE
r-devel-linux-x86_64-debian-gcc 0.3.4 46.85 37.86 84.71 NOTE
r-devel-linux-x86_64-fedora-clang 0.3.4 164.69 NOTE
r-devel-linux-x86_64-fedora-gcc 0.3.4 167.99 NOTE
r-prerel-macos-arm64 0.3.4 42.00 NOTE
r-prerel-windows-x86_64 0.3.4 48.00 127.00 175.00 NOTE
r-patched-linux-x86_64 0.3.4 66.72 48.31 115.03 NOTE
r-release-linux-x86_64 0.3.4 56.66 46.24 102.90 NOTE
r-release-macos-arm64 0.3.4 49.00 NOTE
r-release-macos-x86_64 0.3.4 76.00 NOTE
r-release-windows-x86_64 0.3.4 59.00 87.00 146.00 NOTE
r-oldrel-macos-arm64 0.3.4 40.00 OK
r-oldrel-windows-x86_64 0.3.4 59.00 84.00 143.00 OK

Check Details

Version: 0.3.4
Check: C++ specification
Result: NOTE Specified C++11: please drop specification unless essential Flavors: r-devel-linux-x86_64-debian-clang, r-devel-linux-x86_64-debian-gcc, r-devel-linux-x86_64-fedora-clang, r-devel-linux-x86_64-fedora-gcc, r-prerel-macos-arm64, r-prerel-windows-x86_64, r-patched-linux-x86_64, r-release-linux-x86_64, r-release-macos-arm64, r-release-macos-x86_64, r-release-windows-x86_64