Last updated on 2022-05-29 02:48:53 CEST.
Flavor | Version | Tinstall | Tcheck | Ttotal | Status | Flags |
---|---|---|---|---|---|---|
r-devel-linux-x86_64-debian-clang | 0.1.2 | 4.61 | 63.09 | 67.70 | NOTE | |
r-devel-linux-x86_64-debian-gcc | 0.1.2 | 4.46 | 46.92 | 51.38 | NOTE | |
r-devel-linux-x86_64-fedora-clang | 0.1.2 | 85.51 | NOTE | |||
r-devel-linux-x86_64-fedora-gcc | 0.1.2 | 77.66 | NOTE | |||
r-devel-windows-x86_64 | 0.1.2 | 12.00 | 74.00 | 86.00 | NOTE | |
r-patched-linux-x86_64 | 0.1.2 | 4.32 | 59.07 | 63.39 | NOTE | |
r-release-linux-x86_64 | 0.1.2 | 3.45 | 58.87 | 62.32 | NOTE | |
r-release-macos-arm64 | 0.1.2 | 24.00 | NOTE | |||
r-release-macos-x86_64 | 0.1.2 | 40.00 | NOTE | |||
r-release-windows-x86_64 | 0.1.2 | 15.00 | 77.00 | 92.00 | NOTE | |
r-oldrel-macos-arm64 | 0.1.2 | 28.00 | NOTE | |||
r-oldrel-macos-x86_64 | 0.1.2 | 43.00 | NOTE | |||
r-oldrel-windows-ix86+x86_64 | 0.1.2 | 14.00 | 68.00 | 82.00 | NOTE |
Version: 0.1.2
Check: LazyData
Result: NOTE
'LazyData' is specified without a 'data' directory
Flavors: r-devel-linux-x86_64-debian-clang, r-devel-linux-x86_64-debian-gcc, r-devel-linux-x86_64-fedora-clang, r-devel-linux-x86_64-fedora-gcc, r-devel-windows-x86_64, r-patched-linux-x86_64, r-release-linux-x86_64, r-release-macos-arm64, r-release-macos-x86_64, r-release-windows-x86_64, r-oldrel-macos-arm64, r-oldrel-macos-x86_64, r-oldrel-windows-ix86+x86_64