CRAN Package Check Results for Package ambiorix

Last updated on 2022-05-23 15:53:28 CEST.

Flavor Version Tinstall Tcheck Ttotal Status Flags
r-devel-linux-x86_64-debian-clang 2.1.0 9.28 45.98 55.26 OK
r-devel-linux-x86_64-debian-gcc 2.1.0 7.60 35.96 43.56 OK
r-devel-linux-x86_64-fedora-clang 2.1.0 74.32 NOTE
r-devel-linux-x86_64-fedora-gcc 2.1.0 67.46 NOTE
r-devel-windows-x86_64 2.1.0 61.00 65.00 126.00 OK
r-patched-linux-x86_64 2.1.0 9.91 45.36 55.27 OK
r-release-linux-x86_64 2.1.0 OK
r-release-macos-arm64 2.1.0 20.00 NOTE
r-release-macos-x86_64 2.1.0 32.00 NOTE
r-release-windows-x86_64 2.1.0 32.00 65.00 97.00 OK
r-oldrel-macos-arm64 2.1.0 23.00 NOTE
r-oldrel-macos-x86_64 2.1.0 31.00 NOTE
r-oldrel-windows-ix86+x86_64 2.1.0 17.00 57.00 74.00 OK

Check Details

Version: 2.1.0
Check: dependencies in R code
Result: NOTE
    Namespaces in Imports field not imported from:
     ‘promises’ ‘websocket’
     All declared Imports should be used.
Flavors: r-devel-linux-x86_64-fedora-clang, r-devel-linux-x86_64-fedora-gcc, r-release-macos-arm64, r-release-macos-x86_64, r-oldrel-macos-arm64, r-oldrel-macos-x86_64