CRAN Package Check Results for Package amerifluxr

Last updated on 2023-01-31 16:54:34 CET.

Flavor Version Tinstall Tcheck Ttotal Status Flags
r-devel-linux-x86_64-debian-clang 1.0.0 4.51 55.69 60.20 OK
r-devel-linux-x86_64-debian-gcc 1.0.0 3.86 41.80 45.66 OK
r-devel-linux-x86_64-fedora-clang 1.0.0 76.11 NOTE
r-devel-linux-x86_64-fedora-gcc 1.0.0 88.57 NOTE
r-devel-windows-x86_64 1.0.0 36.00 116.00 152.00 OK
r-patched-linux-x86_64 1.0.0 4.34 53.09 57.43 OK
r-release-linux-x86_64 1.0.0 3.38 52.66 56.04 OK
r-release-macos-arm64 1.0.0 48.00 NOTE
r-release-macos-x86_64 1.0.0 67.00 NOTE
r-release-windows-x86_64 1.0.0 39.00 120.00 159.00 OK
r-oldrel-macos-arm64 1.0.0 50.00 NOTE
r-oldrel-macos-x86_64 1.0.0 53.00 NOTE
r-oldrel-windows-ix86+x86_64 1.0.0 12.00 128.00 140.00 OK

Check Details

Version: 1.0.0
Check: data for non-ASCII characters
Result: NOTE
     Note: found 7 marked UTF-8 strings
Flavors: r-devel-linux-x86_64-fedora-clang, r-devel-linux-x86_64-fedora-gcc, r-release-macos-arm64, r-release-macos-x86_64, r-oldrel-macos-arm64, r-oldrel-macos-x86_64