Last updated on 2022-05-19 09:53:06 CEST.
Flavor | Version | Tinstall | Tcheck | Ttotal | Status | Flags |
---|---|---|---|---|---|---|
r-devel-linux-x86_64-debian-clang | 0.1-1 | 2.95 | 55.27 | 58.22 | NOTE | |
r-devel-linux-x86_64-debian-gcc | 0.1-1 | 1.78 | 44.53 | 46.31 | NOTE | |
r-devel-linux-x86_64-fedora-clang | 0.1-1 | 74.39 | NOTE | |||
r-devel-linux-x86_64-fedora-gcc | 0.1-1 | 70.07 | NOTE | |||
r-devel-windows-x86_64 | 0.1-1 | 7.00 | 75.00 | 82.00 | NOTE | |
r-patched-linux-x86_64 | 0.1-1 | 1.73 | 53.85 | 55.58 | NOTE | |
r-release-linux-x86_64 | 0.1-1 | 2.20 | 54.34 | 56.54 | NOTE | |
r-release-macos-arm64 | 0.1-1 | 25.00 | NOTE | |||
r-release-macos-x86_64 | 0.1-1 | 40.00 | NOTE | |||
r-release-windows-x86_64 | 0.1-1 | 10.00 | 76.00 | 86.00 | NOTE | |
r-oldrel-macos-arm64 | 0.1-1 | 32.00 | NOTE | |||
r-oldrel-macos-x86_64 | 0.1-1 | 61.00 | NOTE | |||
r-oldrel-windows-ix86+x86_64 | 0.1-1 | 6.00 | 72.00 | 78.00 | NOTE |
Version: 0.1-1
Check: R code for possible problems
Result: NOTE
amltest: no visible global function definition for 'var'
amltest: no visible global function definition for 'optim'
amltest: no visible global function definition for 'lm'
cleanclust: no visible global function definition for 'cor'
cleanclust: no visible global function definition for 'hclust'
cleanclust: no visible global function definition for 'as.dist'
cleanclust: no visible global function definition for 'cutree'
Undefined global functions or variables:
as.dist cor cutree hclust lm optim var
Consider adding
importFrom("stats", "as.dist", "cor", "cutree", "hclust", "lm",
"optim", "var")
to your NAMESPACE file.
Flavors: r-devel-linux-x86_64-debian-clang, r-devel-linux-x86_64-debian-gcc, r-devel-linux-x86_64-fedora-clang, r-devel-linux-x86_64-fedora-gcc, r-devel-windows-x86_64, r-patched-linux-x86_64, r-release-linux-x86_64, r-release-macos-arm64, r-release-macos-x86_64, r-release-windows-x86_64, r-oldrel-macos-arm64, r-oldrel-macos-x86_64, r-oldrel-windows-ix86+x86_64