CRAN Package Check Results for Package anapuce

Last updated on 2024-04-21 12:53:47 CEST.

Flavor Version Tinstall Tcheck Ttotal Status Flags
r-devel-linux-x86_64-debian-clang 2.3 3.70 31.00 34.70 NOTE
r-devel-linux-x86_64-debian-gcc 2.3 3.08 23.65 26.73 NOTE
r-devel-linux-x86_64-fedora-clang 2.3 43.88 NOTE
r-devel-linux-x86_64-fedora-gcc 2.3 42.09 NOTE
r-prerel-macos-arm64 2.3 19.00 NOTE
r-prerel-windows-x86_64 2.3 4.00 43.00 47.00 NOTE
r-patched-linux-x86_64 2.3 2.91 30.54 33.45 NOTE
r-release-linux-x86_64 2.3 2.60 29.88 32.48 NOTE
r-release-macos-arm64 2.3 19.00 OK
r-release-macos-x86_64 2.3 27.00 OK
r-release-windows-x86_64 2.3 5.00 43.00 48.00 OK
r-oldrel-macos-arm64 2.3 18.00 OK
r-oldrel-windows-x86_64 2.3 9.00 49.00 58.00 OK

Check Details

Version: 2.3
Check: Rd contents
Result: NOTE Auto-generated content requiring editing in Rd file 'rowVars.Rd': \arguments: \dots: ‘~~Describe \code{\dots} here~~’ Flavors: r-devel-linux-x86_64-debian-clang, r-devel-linux-x86_64-debian-gcc, r-devel-linux-x86_64-fedora-clang, r-devel-linux-x86_64-fedora-gcc, r-prerel-macos-arm64, r-prerel-windows-x86_64, r-patched-linux-x86_64

Version: 2.3
Check: for non-standard things in the check directory
Result: NOTE Found the following files/directories: ‘BH-0.05-ListOfGenes.txt’ ‘BH-0.05-VM-ListOfGenes.txt’ ‘CompleteListOfGenes.txt’ ‘GenesOutOfAnalysis.txt’ ‘GenesOutOfAnalysis_NotEnoughObs.txt’ ‘GenesOutOfAnalysis_NullVar.txt’ ‘VM-CompleteListOfGenes.txt’ ‘bonferroni-0.05-ListOfGenes.txt’ ‘bonferroni-0.05-VM-ListOfGenes.txt’ Flavors: r-devel-linux-x86_64-debian-clang, r-devel-linux-x86_64-debian-gcc, r-devel-linux-x86_64-fedora-clang, r-devel-linux-x86_64-fedora-gcc, r-patched-linux-x86_64, r-release-linux-x86_64